3, 7, 109, 191
List the prime factors of 5516436.
2, 3, 459703
What are the prime factors of 14783587?
7, 13, 162457
List the prime factors of 262791.
3, 9733
List the prime factors of 142074.
2, 3, 877
What are the prime factors of 2619668?
2, 654917
List the prime factors of 852868.
2, 213217
What are the prime factors of 254845?
5, 50969
What are the prime factors of 919027?
457, 2011
List the prime factors of 163767.
3, 79, 691
What are the prime factors of 7307900?
2, 5, 73079
List the prime factors of 40382306.
2, 47, 429599
List the prime factors of 260551.
260551
List the prime factors of 337323.
3, 7, 16063
List the prime factors of 12557983.
71, 83, 2131
What are the prime factors of 1696432?
2, 229, 463
List the prime factors of 300385.
5, 60077
List the prime factors of 192203.
11, 101, 173
List the prime factors of 5723690.
2, 5, 7, 11681
List the prime factors of 315029.
11, 13, 2203
List the prime factors of 223127.
43, 5189
List the prime factors of 613316.
2, 11, 53, 263
What are the prime factors of 10361?
13, 797
What are the prime factors of 233983?
233983
List the prime factors of 710596.
2, 59, 3011
List the prime factors of 1764142.
2, 882071
What are the prime factors of 190340?
2, 5, 31, 307
What are the prime factors of 1125913?
1125913
List the prime factors of 1035174.
2, 3, 7, 503
What are the prime factors of 1413387?
3, 97, 1619
What are the prime factors of 743362?
2, 137, 2713
List the prime factors of 12339502.
2, 7, 881393
What are the prime factors of 881997?
3, 293999
What are the prime factors of 424985?
5, 11, 7727
What are the prime factors of 17935480?
2, 5, 448387
What are the prime factors of 133422?
2, 3, 37, 601
What are the prime factors of 12803951?
12803951
What are the prime factors of 53202?
2, 3, 8867
What are the prime factors of 4625160?
2, 3, 5, 38543
What are the prime factors of 17796718?
2, 71, 125329
List the prime factors of 1659820.
2, 5, 37, 2243
What are the prime factors of 98026?
2, 23, 2131
What are the prime factors of 16106?
2, 8053
List the prime factors of 11376588.
2, 3, 948049
List the prime factors of 531735.
3, 5, 35449
What are the prime factors of 39146?
2, 23, 37
What are the prime factors of 1199586?
2, 3, 199931
List the prime factors of 1718981.
11, 31, 71
List the prime factors of 3856397.
47, 82051
What are the prime factors of 1994993?
7, 11, 13, 1993
List the prime factors of 1529075.
5, 31, 1973
List the prime factors of 2940314.
2, 13, 113089
What are the prime factors of 343098?
2, 3, 7, 389
What are the prime factors of 304160?
2, 5, 1901
What are the prime factors of 544185?
3, 5, 29, 139
List the prime factors of 2069103.
3, 23, 157, 191
List the prime factors of 925136.
2, 67, 863
List the prime factors of 2190311.
2190311
What are the prime factors of 2338060?
2, 5, 116903
List the prime factors of 316738.
2, 29, 43, 127
What are the prime factors of 994343?
7, 142049
List the prime factors of 7283638.
2, 3641819
List the prime factors of 3696940.
2, 5, 13, 59, 241
List the prime factors of 1776033.
3, 7, 9397
What are the prime factors of 2413061?
7, 29, 11887
List the prime factors of 12854628.
2, 3, 357073
What are the prime factors of 72224?
2, 37, 61
What are the prime factors of 3062087?
7, 31, 103, 137
List the prime factors of 24123847.
11, 2193077
List the prime factors of 984004.
2, 7, 113, 311
List the prime factors of 1656556.
2, 11, 37649
What are the prime factors of 648801?
3, 72089
List the prime factors of 7530598.
2, 3765299
List the prime factors of 7120015.
5, 7, 203429
What are the prime factors of 4112113?
17, 19, 29, 439
List the prime factors of 583109.
719, 811
List the prime factors of 8247933.
3, 305479
List the prime factors of 260156.
2, 13, 5003
What are the prime factors of 104764?
2, 11, 2381
What are the prime factors of 6976171?
17, 101, 239
What are the prime factors of 445245?
3, 5, 29683
What are the prime factors of 544130?
2, 5, 54413
What are the prime factors of 4078930?
2, 5, 407893
List the prime factors of 282284.
2, 70571
List the prime factors of 2326958.
2, 1163479
What are the prime factors of 3118793?
19, 164147
List the prime factors of 316287.
3, 113, 311
List the prime factors of 4975488.
2, 3, 7, 617
List the prime factors of 10539336.
2, 3, 23, 61, 313
List the prime factors of 2612708.
2, 7, 23, 4057
What are the prime factors of 27203906?
2, 2789, 4877
List the prime factors of 73920.
2, 3, 5, 7, 11
List the prime factors of 4788019.
19, 252001
List the prime factors of 24018961.
743, 32327
What are the prime factors of 14449689?
3, 31, 67, 773
What are the prime factors of 20920132?
2, 17, 18097
What are the prime factors of 94249?
307
What are the prime factors of 120496?
2, 17, 443
What are the prime factors of 10530603?
3, 1170067
List the prime factors of 2477297.
2477297
What are the prime factors of 12566034?
2, 3, 13, 83, 647
List the prime factors of 21116422.
2, 2903, 3637
What are the prime factors of 2143864?
2, 73, 3671
List the prime factors of 499345.
5, 7, 11, 1297
List the prime factors of 118005.
3, 5, 7867
What are the prime factors of 4066871?
4066871
What are the prime factors of 660467?
17, 38851
What are the prime factors of 1127950?
2, 5, 17, 1327
List the prime factors of 943023.
3, 23, 79, 173
List the prime factors of 771832.
2, 96479
List the prime factors of 409097.
13, 31469
List the prime factors of 6461442.
2, 3, 13, 53, 521
List the prime factors of 2720542.
2, 11, 123661
List the prime factors of 3989218.
2, 41, 48649
List the prime factors of 34802703.
3, 13, 23, 479
List the prime factors of 124054.
2, 7, 8861
What are the prime factors of 3957868?
2, 989467
What are the prime factors of 2558050?
2, 5, 11, 4651
What are the prime factors of 246523?
246523
What are the prime factors of 2211611?
23, 96157
What are the prime factors of 4940931?
3, 17, 19, 5099
List the prime factors of 16174243.
547, 29569
List the prime factors of 236134.
2, 37, 3191
List the prime factors of 21472602.
2, 3, 41, 191, 457
List the prime factors of 1091120.
2, 5, 23, 593
What are the prime factors of 197664?
2, 3, 29, 71
List the prime factors of 339800.
2, 5, 1699
What are the prime factors of 322054?
2, 283, 569
List the prime factors of 929140.
2, 5, 46457
List the prime factors of 123547.
123547
List the prime factors of 745964.
2, 43, 4337
What are the prime factors of 5909271?
3, 1969757
List the prime factors of 596005.
5, 199, 599
What are the prime factors of 555426?
2, 3, 59, 523
List the prime factors of 851201.
13, 41, 1597
List the prime factors of 2823095.
5, 11, 51329
What are the prime factors of 253693?
11, 23063
List the prime factors of 183975.
3, 5, 11, 223
What are the prime factors of 148911?
3, 7, 1013
What are the prime factors of 5677147?
7, 41, 131, 151
List the prime factors of 1398309.
3, 11, 42373
List the prime factors of 4638282.
2, 3, 11, 31, 2267
List the prime factors of 1931923.
7, 89, 443
List the prime factors of 687524.
2, 171881
What are the prime factors of 41737?
41737
What are the prime factors of 219623?
17, 12919
List the prime factors of 12727216.
2, 79, 10069
What are the prime factors of 4950837?
3, 151, 3643
List the prime factors of 915510.
2, 3, 5, 30517
What are the prime factors of 25216820?
2, 5, 1260841
List the prime factors of 2450334.
2, 3, 408389
What are the prime factors of 695755?
5, 227, 613
What are the prime factors of 28837671?
3, 53, 67, 2707
List the prime factors of 728918.
2, 364459
What are the prime factors of 418165?
5, 11, 7603
List the prime factors of 425215.
5, 7, 12149
List the prime factors of 1011427.
19, 53233
What are the prime factors of 1738746?
2, 3, 10733
List the prime factors of 124452.
2, 3, 3457
List the prime factors of 17207504.
2, 1075469
List the prime factors of 408927.
3, 136309
List the prime factors of 4992637.
13, 384049
List the prime factors of 3631645.
5, 89, 8161
List the prime factors of 23353421.
7, 13, 353, 727
List the prime factors of 487989.
3, 59, 919
What are the prime factors of 749122?
2, 11, 17, 2003
What are the prime factors of 220814?
2, 11, 10037
What are the prime factors of 4844814?
2, 3, 13, 179, 347
What are the prime factors of 177550?
2, 5, 53, 67
What are th